e 0*b = -3*b. Suppose b*k = -5*k - 2*x + 5, 0 = -4*k - 4*x + 4. Let r(w) = 2*w**2 - 17443 + 17443. Determine r(k).
2
Let l(f) = 2*f + 2. Let k(d) = d. Let o(h) = 3*k(h) - l(h). Let c be o(-5). Let x(a) = a**2 + 9*a + 8. Give x(c).
-6
Let v be 20/14 - (-18)/(-42). Let h(l) = -v + l + l + l. Determine h(-1).
-4
Let z(b) be the first derivative of -4*b**2 - 5*b**2 - 7 + 8*b**2 + 3*b - 12. Give z(-3).
9
Let v(b) be the first derivative of 4*b**3/3 - 3*b**2/2 - 2*b + 216. Give v(3).
25
Let s(i) be the second derivative of 0 - 1/6*i**3 - 1/2*i**2 + 7*i. Determine s(6).
-7
Let s(h) = 108*h - 270. Let c(w) = -w + 2. Let p(q) = -135*c(q) - s(q). What is p(-1)?
-27
Let u(i) = -i + 7. Suppose -p = -2*l - 4*p + 27, -20 = -5*l + 2*p. Calculate u(l).
1
Suppose -3*x - x = -72. Let t = -12 + x. Let q(m) = m**2 - 8*m + 3. Give q(t).
-9
Let y(t) be the first derivative of t**2/2 + 2*t + 1. Let k(m) = -m**2 + 4*m + 3. Suppose 2*n - 7*n + 20 = 0. Let j be k(n). Determine y(j).
5
Let l(f) = 4*f + 9 - 5*f + 4*f**3 - f**3 - 2*f**3 - 10*f**2. Let r be 5 - ((-78)/52)/((-3)/(-10)). What is l(r)?
-1
Suppose 0*j = -3*j + 9. Let w(d) be the second derivative of -d**3/3 - d**2/2 + 28*d. What is w(j)?
-7
Suppose 11*p - 476 = 7*p. Suppose 11*s + p = 20. Let m(l) = l + 18. Calculate m(s).
9
Let a(m) = m**2 - 8*m. Suppose 5*x - 29 = -4*j, -29*j + 32*j - 2*x = 16. Determine a(j).
-12
Let t(r) = r**3 + 5*r**2 - 18*r - 17. Let m = 1375 - 1382. Calculate t(m).
11
Let s(p) be the first derivative of -2*p**4 - 2*p**3/3 - p**2 - p - 72. Determine s(-1).
7
Let q(r) be the second derivative of 8 - 1/6*r**3 + 4*r + 0*r**2. Give q(-2).
2
Let h(u) be the second derivative of u**6/240 + u**5/120 - 7*u**4/12 + 11*u. Let o(m) be the third derivative of h(m). What is o(1)?
4
Let o(t) = 0*t**2 - 2*t - t**2 - t. Suppose -399 + 303 = 24*k. Determine o(k).
-4
Let o(u) = -6*u**3 - 2*u**2 + 5*u - 7. Let g(m) = 7*m**3 + 2*m**2 - 5*m + 8. Let h(z) = -5*g(z) - 6*o(z). Calculate h(-4).
-10
Let c(b) be the second derivative of b**5/20 + 7*b**4/12 + b**3 + b**2 + 122*b. Determine c(-6).
2
Let n be 3/(15/25) + -3 + -3. Let x(w) = 17*w - 1. What is x(n)?
-18
Let q(z) = -z**3 - 8*z**2 - 16*z - 8. Let d be (4 - (8 + 6))/(1 + 1). Determine q(d).
-3
Let b be (-3 + 4/6*6)*-2. Let c(j) = -3*j - 7. Let l(y) = -65*y - 155. Let o(i) = b*l(i) + 45*c(i). Determine o(-4).
15
Suppose 3*b - 5*b = -16. Suppose -5 = b*x - 3*x. Let u(w) = 1. Let k(o) = o + 7. Let g(m) = x*k(m) - u(m). Give g(-6).
-2
Let x = -2899 + 2900. Let d(g) = -9*g**2 - 2*g + 1. Give d(x).
-10
Let o = 151 + -155. Let u(g) = -g**3 - 4*g**2 - 4. Calculate u(o).
-4
Let c = 16 + -11. Let n(o) = 44*o**3 + 4*o**2 - 29*o**3 - 4*o**3 + 5*o + 7 - 5*o**3 - 7*o**3. Give n(c).
7
Let q = 477/4 + -119. Let a(o) be the first derivative of o**2 + 2/3*o**3 + q*o**4 - 8 + 0*o. Determine a(-2).
-4
Let d(f) = f**3 - 6*f**2 - 7*f - 4. Let g = 78 - 47. Suppose -n - 11 = -2*o + 4, 3*n + g = 4*o. Determine d(o).
-4
Let q(o) = -o**2 + 6*o - 5. Let h(y) = y - 4 - 3 + 1 + 4. Let s be h(8). Determine q(s).
-5
Let q(x) = -2*x - 2. Suppose 0 = -4*j + 3*l - 335, -3*j + 2*l - 71 = 180. Let k = j - -78. Give q(k).
8
Let y(j) = -j**2 - 9*j - 17. Let h be y(-6). Let l(v) be the second derivative of 7/12*v**4 - v + 0 + 1/2*v**2 - 1/3*v**3. Determine l(h).
6
Let u be (-39)/6 - (-2)/4. Let o(h) = h**3 + 5*h**2 - 7*h - 4. Let l be o(u). Suppose q = -l*q + 6. Let y(z) = 7*z + 1. What is y(q)?
15
Let u(t) = -54*t**3 + t**2 + t + 1. Suppose -412*j = -411*j + 1. Give u(j).
55
Let i be (0 + -2)*11/(242/66). Let f(j) = j**3 + 4*j**2 - 4*j - 5. Let m(k) = -2*k**3 - 7*k**2 + 9*k + 11. Let s(t) = 5*f(t) + 2*m(t). Calculate s(i).
9
Suppose 2*k = -9*q + 5*q + 8, -3*q + 5*k = 20. Let l(h) = h - 10. Give l(q).
-10
Suppose -r = a, a - 3 = -3*a - 5*r. Let t(g) = -2*g - 9. Give t(a).
-3
Suppose 0*m = 2*m + 2*z - 32, -m - 8 = -5*z. Suppose 14*x - m*x - 10 = 0. Let q(b) = b. Give q(x).
5
Suppose -2*b = -5*b - 36. Let j be 2*3/b*-4. Let u(v) = 11 + 0*v**2 - 4*v + 5*v - v**j. What is u(0)?
11
Let a(x) = x**2 - x + 1. Let s(k) = k**3 + k**2 - 6*k + 8. Let u(o) = -6*a(o) + s(o). Let f be (-180)/(-210) + (-24)/(-21). What is u(f)?
-10
Let t(j) = -3*j**3 - j**2 - 12*j + 2. Let b(z) = z**3 + z**2 + 6*z - 1. Let f(l) = -5*b(l) - 2*t(l). Determine f(4).
-7
Let o(r) = -3*r**3 - 10*r**2 - 2*r + 4. Let i(u) = u**3 + u**2 - u + 1. Let t = -21 - -17. Let l(g) = t*i(g) - o(g). What is l(7)?
-15
Let w(l) be the third derivative of 18*l**2 - 1/60*l**5 + 0 + 3/2*l**3 + 1/24*l**4 + 0*l + 1/120*l**6. Give w(0).
9
Suppose u = -3*x + 4, x - u - 12 = -4*x. Let v be (-5)/(5/x) - -5. Let g(y) = -5 + 0*y**v - 3*y**2 - 2*y**3 - y + 4 + y**3. What is g(-3)?
2
Let m(g) = -g**3 + g**2 - g + 6. Let b(a) = a**2 + 1. Let t(u) = 5*b(u) - m(u). Give t(-2).
5
Let v(t) = -3*t**2 - 4*t - 1. Let c be v(-4). Suppose 4*o + 72 + 32 = 0. Let y = c - o. Let r(u) = -u**3 - 8*u**2 - 7*u. Determine r(y).
0
Let s(t) = -t - 8. Suppose 0 = -k + 3*i - 24, -2*k - k - i - 82 = 0. Let q = k + 32. Let x(p) = p**2 - 7*p + 2. Let o be x(q). Calculate s(o).
0
Suppose -b + 5*i = 12, -b + 3 = i - 3. Let t = b + -5. Let s(a) = 3*a**3 + 2*a**2 + 2*a + 3. Give s(t).
-17
Let f(y) = y + 2. Let t = -265 - -121. Let v = 138 + t. Give f(v).
-4
Let u(r) = -6196*r + 3 - 2 + 6197*r. Determine u(-3).
-2
Suppose 0 = 4*f + 75 - 287. Suppose 31 = 4*l - f. Suppose 0 = -0*d + 7*d - l. Let i(a) = a - 6. What is i(d)?
-3
Let d(a) = 7*a + 3. Suppose 3*o = -95 + 83. Give d(o).
-25
Suppose -23*h - 40 = -27*h. Let y(r) = 10*r + 2 + r - h*r - 4. Determine y(-4).
-6
Suppose 0 = -p + 2 + 4. Suppose p*x = 16*x. Let w(f) = 5*f**2 + f - 2. Let z(b) = -4*b**2 - b + 3. Let r(h) = 3*w(h) + 4*z(h). Determine r(x).
6
Let n be 1/5 + (-54)/(-30). Let i be 2*(5 - n)/6. Let h(u) = u - 3*u**3 + 0*u**3 + 0*u**3 - 1 - 2*u**3 + u**2. Determine h(i).
-4
Let t(u) = -4*u - 5. Suppose 0 = 2*m + 5*y - 2*y - 11, m - 5 = -y. What is t(m)?
-21
Let k = 5 + -7. Let m(p) = -p. Let s(h) = 9*h - 3. Suppose 0*j - 5*b = -j - 14, 0 = -4*b + 12. Let u(w) = j*s(w) + 18*m(w). Give u(k).
15
Suppose -23*h = -19*h - 8. Let x(u) be the second derivative of 1/2*u**3 + 2*u + 0*u**h + 0. Give x(3).
9
Suppose 6*l - 68 = 46. Suppose 5*s = -4*a + 37, -4*s + 9 + l = 3*a. Let o(x) = -x**2 + 8*x. What is o(a)?
0
Let s(v) = v**2 - 2*v. Let a(i) be the first derivative of -i**2 + 20*i - 1. Let h be a(9). Calculate s(h).
0
Let m(i) = -i - 1. Let t(a) = -8*a - 10. Let r(s) = -3*s**2 - 3*s - 1. Let g be r(-1). Let k(p) = g*t(p) + 6*m(p). What is k(-5)?
-6
Let o = -313 - -310. Let z(m) = m**2 - 3*m. Calculate z(o).
18
Let y(m) be the first derivative of -5*m**2 - 3 + 0*m**3 + 0*m**4 - 1/30*m**5 + 0*m. Let z(c) be the second derivative of y(c). Give z(-1).
-2
Suppose 14*o = -o + 105. Let k(w) = -w**3 + 9*w**2 - 11*w + 8. What is k(o)?
29
Suppose -2*b = 5*l - 4, -4*l - 5*b - 20 + 30 = 0. Let t(j) = -j + 3. Calculate t(l).
3
Let c(w) = w**3 - 3*w**2 + w + 1. Let r(a) = 2*a**2 + a + 6. Let b be r(-9). Suppose 4*i + 81 + b = 0. Let t be (3 + i/16)*-4. Calculate c(t).
4
Suppose 0 = 7*p + 7 + 7. Let q(w) = -2*w**2 - w. Let h(k) = 4*k**2 + 2*k. Let l(o) = p*h(o) - 5*q(o). Determine l(1).
3
Let z(k) = -10*k**2 - 5 + 11402*k + 1 - 11397*k. Give z(2).
-34
Suppose h - 3*h = 6. Let r(i) = -i - 13. Let l(t) = t + 12. Suppose -8 - 17 = 5*u. Let m(j) = u*r(j) - 6*l(j). Calculate m(h).
-4
Let w = -14 + 21. Let j be w - ((-66)/(-24) - 1/(-4)). Let d(t) = t**3 - 4*t**2 + 2*t - 6. Determine d(j).
2
Let c(w) = 6*w - 1. Let j(g) = 9*g - 4. Let n(p) = -17*p + 9. Let z(s) = 5*j(s) + 2*n(s). Let o = -4 - 1. Let x(v) = o*c(v) + 3*z(v). What is x(-2)?
-7
Let n(r) = r**3 - 6*r**2 + 6*r - 2. Suppose 2*p + 5 = -k, -14*k - 20 = -15*k + 3*p. Give n(k).
3
Let i(w) = -3*w**2 - 11*w - 5. Let z(p) = 16*p**2 + 55*p + 24. Let o(y) = 11*i(y) + 2*z(y). Determine o(-11).
-7
Let d(n) be the third derivative of 5/6*n**3 + 1/60*n**5 + 0 + 0*n + 8*n**2 - 1/8*n**4. Suppose 4 = -2*r + 3*r. Calculate d(r).
9
Let d(m) = -3*m**3 - 11*m**2 - 12*m - 17. Let s(g) = -10*g**3 - 33*g**2 - 36*g - 51. Let f(z) = -7*d(z) + 2*s(z). Give f(-10).
-3
Let i be ((-2 - -1) + 0)*-13. Let o = -68 + 54. Let t = o + i. Let y(l) = -l**2 + 1. Determine y(t).
0
Suppose 3*z + 4*t - 8 = 6, -12 = 3*t. Let s(b) = -